{"id":2638,"date":"2024-01-03T10:49:05","date_gmt":"2024-01-03T13:49:05","guid":{"rendered":"https:\/\/delcerroceramica.cl\/?post_type=product&#038;p=2638"},"modified":"2026-01-13T08:42:03","modified_gmt":"2026-01-13T11:42:03","slug":"vasija-cobre-verdosa","status":"publish","type":"product","link":"https:\/\/delcerroceramica.cl\/en\/product\/vasija-cobre-verdosa\/","title":{"rendered":"Vasija cobre verdosa"},"content":{"rendered":"<p>Vasija construida en torno cer\u00e1mico con pasta tostada nacional, aplicaci\u00f3n de Tierra Sigilata con un peque\u00f1o porcentaje de \u00f3xido de cobre, esmalte transparente, horneada en raku y carbonizada con viruta de madera en tambor met\u00e1lico.<\/p>\n<p>Quemado en horno a gas con la t\u00e9cnica Raku, \u00e9sta consiste en abrir el horno a los 1000\u00baC de temperatura, sufriendo un choque t\u00e9rmico de al menos 970\u00baC \u00a0por el cambio de temperatura entre el interior del horno y el ambiente. Las piezas son tomadas con pinzas de fierro e introducidas en un tarro met\u00e1lico con aserr\u00edn y se le agrega m\u00e1s aserr\u00edn sobre la pieza, \u00e9sta se enciende, luego es tapado para que se ahogue ese fuego, y suceda una reducci\u00f3n de ox\u00edgeno tanto del cuerpo de la pieza como en su esmalte, surgiendo diferentes tonos.<\/p>\n<p>Este tipo de quema no se pueden asegurar los resultados, tanto el craquelado del esmalte como el ahumado de la pasta.<\/p>\n<p>Dimensiones aproximadas 19 cm di\u00e1metro y 19 cm de alto.<\/p>","protected":false},"excerpt":{"rendered":"<p>Vasija raku construida con pasta tostada nacional modelada mediante colomb\u00edn, aplicaci\u00f3n de Tierra Sigilata con \u00f3xido de cobre.<\/p>","protected":false},"featured_media":2635,"comment_status":"open","ping_status":"closed","template":"","meta":[],"product_brand":[],"product_cat":[53],"product_tag":[48,56,91],"class_list":{"0":"post-2638","1":"product","2":"type-product","3":"status-publish","4":"has-post-thumbnail","6":"product_cat-para-mirar","7":"product_tag-modelado","8":"product_tag-raku","9":"product_tag-vasija","11":"first","12":"outofstock","13":"shipping-taxable","14":"purchasable","15":"product-type-simple"},"_links":{"self":[{"href":"https:\/\/delcerroceramica.cl\/en\/wp-json\/wp\/v2\/product\/2638","targetHints":{"allow":["GET"]}}],"collection":[{"href":"https:\/\/delcerroceramica.cl\/en\/wp-json\/wp\/v2\/product"}],"about":[{"href":"https:\/\/delcerroceramica.cl\/en\/wp-json\/wp\/v2\/types\/product"}],"replies":[{"embeddable":true,"href":"https:\/\/delcerroceramica.cl\/en\/wp-json\/wp\/v2\/comments?post=2638"}],"wp:featuredmedia":[{"embeddable":true,"href":"https:\/\/delcerroceramica.cl\/en\/wp-json\/wp\/v2\/media\/2635"}],"wp:attachment":[{"href":"https:\/\/delcerroceramica.cl\/en\/wp-json\/wp\/v2\/media?parent=2638"}],"wp:term":[{"taxonomy":"product_brand","embeddable":true,"href":"https:\/\/delcerroceramica.cl\/en\/wp-json\/wp\/v2\/product_brand?post=2638"},{"taxonomy":"product_cat","embeddable":true,"href":"https:\/\/delcerroceramica.cl\/en\/wp-json\/wp\/v2\/product_cat?post=2638"},{"taxonomy":"product_tag","embeddable":true,"href":"https:\/\/delcerroceramica.cl\/en\/wp-json\/wp\/v2\/product_tag?post=2638"}],"curies":[{"name":"wp","href":"https:\/\/api.w.org\/{rel}","templated":true}]}}

<p>Vasija construida en torno cerámico con pasta tostada nacional, aplicación de Tierra Sigilata con un pequeño porcentaje de óxido de cobre, esmalte transparente, horneada en raku y carbonizada con viruta de madera en tambor metálico.</p>
<p>Quemado en horno a gas con la técnica Raku, ésta consiste en abrir el horno a los 1000ºC de temperatura, sufriendo un choque térmico de al menos 970ºC  por el cambio de temperatura entre el interior del horno y el ambiente. Las piezas son tomadas con pinzas de fierro e introducidas en un tarro metálico con aserrín y se le agrega más aserrín sobre la pieza, ésta se enciende, luego es tapado para que se ahogue ese fuego, y suceda una reducción de oxígeno tanto del cuerpo de la pieza como en su esmalte, surgiendo diferentes tonos.</p>
<p>Este tipo de quema no se pueden asegurar los resultados, tanto el craquelado del esmalte como el ahumado de la pasta.</p>
<p>Dimensiones aproximadas 19 cm diámetro y 19 cm de alto.</p>

<p>Vasija raku construida con pasta tostada nacional modelada mediante colombín, aplicación de Tierra Sigilata con óxido de cobre.</p>
