{"id":737,"date":"2023-05-29T16:49:24","date_gmt":"2023-05-29T19:49:24","guid":{"rendered":"http:\/\/localhost\/delcerroceramica\/?post_type=product&#038;p=737"},"modified":"2023-08-26T16:18:00","modified_gmt":"2023-08-26T19:18:00","slug":"set-lavanda-macetero-semillas-sustrato","status":"publish","type":"product","link":"https:\/\/delcerroceramica.cl\/en\/product\/set-lavanda-macetero-semillas-sustrato\/","title":{"rendered":"Set lavanda (macetero + semillas + sustrato)"},"content":{"rendered":"<p>El set lavanda trae todo lo necesario para plantar tu propia lavanda: incluye un macetero, las instrucciones, una bolsita con el sustrato y la etiqueta de papel trae las semillas. \u00a1Es un regalo ideal!<\/p>\n<p>Deber\u00e1s doblar en 4 la hoja de la etiqueta\u00a0y sumergirla en agua por 24 horas. Luego, preparar el macetero con el sustrato, poner la pulpa con semillas y cubrir con 1 cm de tierra. Deber\u00e1s dejar el macetero en una ventana o al aire libre y regarlo cada d\u00eda, procurando que la tierra se mantenga h\u00fameda. En un par de semanas podr\u00e1s ver c\u00f3mo las semillas germinan y tu lavanda comienza a crecer.<\/p>\n<p>Los maceteros de lavanda miden aproximadamente 10 x 10 cent\u00edmetros.<\/p>\n<p>&nbsp;<\/p>","protected":false},"excerpt":{"rendered":"<p>El set lavanda trae todo lo necesario para plantar tu propia lavanda: incluye un macetero, las instrucciones, una bolsita con el sustrato y la etiqueta de papel trae las semillas. \u00a1Es un regalo ideal! Deber\u00e1s doblar en 4 la hoja de la etiqueta\u00a0y sumergirla en agua por 24 horas. Luego, preparar el macetero con el [&hellip;]<\/p>","protected":false},"featured_media":828,"comment_status":"closed","ping_status":"closed","template":"","meta":[],"product_brand":[],"product_cat":[27],"product_tag":[],"class_list":{"0":"post-737","1":"product","2":"type-product","3":"status-publish","4":"has-post-thumbnail","6":"product_cat-para-plantar","8":"first","9":"instock","10":"shipping-taxable","11":"purchasable","12":"product-type-variable"},"_links":{"self":[{"href":"https:\/\/delcerroceramica.cl\/en\/wp-json\/wp\/v2\/product\/737","targetHints":{"allow":["GET"]}}],"collection":[{"href":"https:\/\/delcerroceramica.cl\/en\/wp-json\/wp\/v2\/product"}],"about":[{"href":"https:\/\/delcerroceramica.cl\/en\/wp-json\/wp\/v2\/types\/product"}],"replies":[{"embeddable":true,"href":"https:\/\/delcerroceramica.cl\/en\/wp-json\/wp\/v2\/comments?post=737"}],"wp:featuredmedia":[{"embeddable":true,"href":"https:\/\/delcerroceramica.cl\/en\/wp-json\/wp\/v2\/media\/828"}],"wp:attachment":[{"href":"https:\/\/delcerroceramica.cl\/en\/wp-json\/wp\/v2\/media?parent=737"}],"wp:term":[{"taxonomy":"product_brand","embeddable":true,"href":"https:\/\/delcerroceramica.cl\/en\/wp-json\/wp\/v2\/product_brand?post=737"},{"taxonomy":"product_cat","embeddable":true,"href":"https:\/\/delcerroceramica.cl\/en\/wp-json\/wp\/v2\/product_cat?post=737"},{"taxonomy":"product_tag","embeddable":true,"href":"https:\/\/delcerroceramica.cl\/en\/wp-json\/wp\/v2\/product_tag?post=737"}],"curies":[{"name":"wp","href":"https:\/\/api.w.org\/{rel}","templated":true}]}}

<p>El set lavanda trae todo lo necesario para plantar tu propia lavanda: incluye un macetero, las instrucciones, una bolsita con el sustrato y la etiqueta de papel trae las semillas. ¡Es un regalo ideal!</p>
<p>Deberás doblar en 4 la hoja de la etiqueta y sumergirla en agua por 24 horas. Luego, preparar el macetero con el sustrato, poner la pulpa con semillas y cubrir con 1 cm de tierra. Deberás dejar el macetero en una ventana o al aire libre y regarlo cada día, procurando que la tierra se mantenga húmeda. En un par de semanas podrás ver cómo las semillas germinan y tu lavanda comienza a crecer.</p>
<p>Los maceteros de lavanda miden aproximadamente 10 x 10 centímetros.</p>
<p>&nbsp;</p>

<p>El set lavanda trae todo lo necesario para plantar tu propia lavanda: incluye un macetero, las instrucciones, una bolsita con el sustrato y la etiqueta de papel trae las semillas. ¡Es un regalo ideal! Deberás doblar en 4 la hoja de la etiqueta y sumergirla en agua por 24 horas. Luego, preparar el macetero con el [&hellip;]</p>
